{"id":2762,"date":"2023-02-16T15:08:54","date_gmt":"2023-02-16T15:08:54","guid":{"rendered":"http:\/\/www.rentreelitterairedumali.org\/?page_id=2762"},"modified":"2024-02-05T11:33:33","modified_gmt":"2024-02-05T11:33:33","slug":"infos-pratiques","status":"publish","type":"page","link":"https:\/\/www.rentreelitterairedumali.org\/?page_id=2762","title":{"rendered":"Infos Pratiques"},"content":{"rendered":"<div class=\"wpb-content-wrapper\"><p>[vc_row][vc_column][vc_column_text css_animation=\u00a0\u00bbrotateIn\u00a0\u00bb]<strong>Universit\u00e9s:<\/strong><\/p>\n<p><strong>FLSL:<\/strong> (Facult\u00e9 des Lettres, Langues et Sciences du Langage) Quartier : Kabala, \u00ab\u00a0<strong>ULSHB<\/strong>\u00ab\u00a0<\/p>\n<p><strong>ENSUP:<\/strong> (Ecole Normale Sup\u00e9rieure) Quartier du Fleuve,<\/p>\n<p><strong>FHG<\/strong> :(Facult\u00e9 Histoire et de G\u00e9ographie) Quartier: Badalabougou, \u00ab\u00a0<strong>USSGB<\/strong>\u00ab\u00a0<\/p>\n<p><b>FSAP<\/b>:(Facult\u00e9 des Sciences Administratives et Politiques): Colline de Badalabougou<\/p>\n<p><strong>UCAO:<\/strong> (Universit\u00e9 Catholique d&rsquo;Afrique de l&rsquo;Ouest)<\/p>\n<p><strong>Espaces Culturels:<\/strong><\/p>\n<p><strong>La Gare<\/strong>, Adresse<strong>:<\/strong> en face du chemin de Fer (Train Gare)<\/p>\n<p><strong>Pirogue<\/strong>, Adresse: Hamdallaye ACI 2000 derri\u00e8re le Monument Bougi<\/p>\n<p><strong>BLA BLA<\/strong>, Adresse: RUE: DANFAGA Hippodrome<\/p>\n<p><strong>Institut Fran\u00e7ais<\/strong>, Adresse: en face du Boulevard d&rsquo;Ind\u00e9pendance Bamako-Coura<\/p>\n<p><strong>Restaurants:<\/strong><\/p>\n<p><strong>Bafing<\/strong>, Adresse: Quartier du Fleuve pr\u00e8s du Centre M\u00e9dical Diab\u00e8te<\/p>\n<p><strong>Guadouma<\/strong>, Adresse: Hamdallaye ACI 2000<\/p>\n<p><strong>Amandine<\/strong>, Adresse: Badalabougou EST en face de l&rsquo;AVENUE OUA<\/p>\n<p><strong>Gourmandes<\/strong>, Adresse: Hamdallaye ACI 2000<\/p>\n<p><strong>Guido&rsquo;s<\/strong> Adresse: Hamdallaye ACI 2000 pr\u00e8s de la CFAO MOTORS[\/vc_column_text][\/vc_column][\/vc_row]<\/p>\n<\/div>","protected":false},"excerpt":{"rendered":"<p>[vc_row][vc_column][vc_column_text css_animation=\u00a0\u00bbrotateIn\u00a0\u00bb]Universit\u00e9s: FLSL: (Facult\u00e9 des Lettres, Langues et Sciences du Langage) Quartier : Kabala, \u00ab\u00a0ULSHB\u00ab\u00a0 ENSUP: (Ecole Normale Sup\u00e9rieure) Quartier du Fleuve, FHG :(Facult\u00e9 Histoire et de G\u00e9ographie) Quartier: Badalabougou, \u00ab\u00a0USSGB\u00ab\u00a0 FSAP:(Facult\u00e9 des Sciences Administratives et Politiques): Colline de Badalabougou&#8230;<\/p>\n","protected":false},"author":1,"featured_media":0,"parent":0,"menu_order":0,"comment_status":"closed","ping_status":"closed","template":"","meta":{"footnotes":""},"class_list":["post-2762","page","type-page","status-publish","hentry"],"_links":{"self":[{"href":"https:\/\/www.rentreelitterairedumali.org\/index.php?rest_route=\/wp\/v2\/pages\/2762","targetHints":{"allow":["GET"]}}],"collection":[{"href":"https:\/\/www.rentreelitterairedumali.org\/index.php?rest_route=\/wp\/v2\/pages"}],"about":[{"href":"https:\/\/www.rentreelitterairedumali.org\/index.php?rest_route=\/wp\/v2\/types\/page"}],"author":[{"embeddable":true,"href":"https:\/\/www.rentreelitterairedumali.org\/index.php?rest_route=\/wp\/v2\/users\/1"}],"replies":[{"embeddable":true,"href":"https:\/\/www.rentreelitterairedumali.org\/index.php?rest_route=%2Fwp%2Fv2%2Fcomments&post=2762"}],"version-history":[{"count":5,"href":"https:\/\/www.rentreelitterairedumali.org\/index.php?rest_route=\/wp\/v2\/pages\/2762\/revisions"}],"predecessor-version":[{"id":3092,"href":"https:\/\/www.rentreelitterairedumali.org\/index.php?rest_route=\/wp\/v2\/pages\/2762\/revisions\/3092"}],"wp:attachment":[{"href":"https:\/\/www.rentreelitterairedumali.org\/index.php?rest_route=%2Fwp%2Fv2%2Fmedia&parent=2762"}],"curies":[{"name":"wp","href":"https:\/\/api.w.org\/{rel}","templated":true}]}}